z. What is the remainder when d is divided by h?
12
Let p = 31 - 27. Suppose 26 - 138 = -p*h + 5*m, 0 = -2*h + m + 56. Let i = h + -21. What is the remainder when 20 is divided by i?
6
Let a = -499 + 522. Calculate the remainder when 63 is divided by a.
17
Suppose 22 = v + 3*g, -2*g - 68 = -2*v + 16. Let m = 11 + -14. Let k(o) = o**3 + 4*o**2 - o + 1. Calculate the remainder when v is divided by k(m).
11
Suppose 49 = -53*y + 102. What is the remainder when 264 is divided by y?
0
Suppose -3*s + 50 = 5*n, -s - 7 + 29 = 3*n. Calculate the remainder when 68 is divided by s.
8
Let r = 491 + -275. Let t = r - 121. What is the remainder when t is divided by 16?
15
Calculate the remainder when 93 is divided by ((-9)/6)/((147/1036)/(-7)).
19
Suppose k - 9*k + 1992 = 0. What is the remainder when k is divided by 23?
19
Let q(l) = -2*l + 7. Suppose 2*h - 4 = -2. Suppose 0*n + h = -2*n + 5*d, 4*d + 28 = 4*n. What is the remainder when n is divided by q(0)?
5
Let l = 3623 + -2597. Calculate the remainder when l is divided by 24.
18
Let p(u) = 62*u + 2. Suppose a + 1 = 2. What is the remainder when p(a) is divided by 22?
20
Let f = -63 + 118. Suppose 5*l + r = -59, 0*r - r = 4. What is the remainder when f is divided by (-18)/(-99) - 207/l?
17
Let t be (-1 + 2)*(0 + -1). Let w(b) = -13*b**3 - b**2 - b - 1. Let p be w(t). Suppose 42 = j + p. Calculate the remainder when j is divided by 11.
8
Calculate the remainder when 89*-4*(45 + -46) is divided by 33.
26
Suppose -897 = -5*y + 4*y. Calculate the remainder when y is divided by 30.
27
Suppose -4*t - s + 296 = 0, 4*t - 276 = 3*s + 20. Let p = -12 + t. What is the remainder when p is divided by 16?
14
Suppose -5*b - 6 = -n, 5*n - 69 - 33 = b. Calculate the remainder when 117 is divided by n.
12
What is the remainder when 7/((-42)/(-246)) + 2 is divided by 11?
10
Let q(k) = k - 4. Let m be q(-7). Let w(i) = 28*i + 1. Let l be w(-2). Let v = m - l. Calculate the remainder when v is divided by 23.
21
Let i(s) = -s**3 + 5*s**2 + 7*s + 2. Suppose a - 2 - 3 = 0. Suppose 5*j = a*h - 40, -2*h = -3*h + 3*j + 12. What is the remainder when i(h) is divided by 6?
2
Suppose 0 = 2*w - 1 + 11. Let q(f) = f**3 + 4*f**2 - 6*f - 2. Suppose 1 - 5 = -2*o. Calculate the remainder when q(w) is divided by o.
1
Suppose -8*g + 4*g = -52. Let q = g + 124. Calculate the remainder when q is divided by 28.
25
Let v = -3 + 9. Let k be -8 + 14 + (-5 - 0). Calculate the remainder when 38 is divided by -26*(k - v/4).
12
Let s(p) = 4*p**3 - 2*p. Let m(k) = k**2 + k - 2. Let n be m(0). Let j be s(n). Let q = -11 - j. Calculate the remainder when 49 is divided by q.
15
Suppose -d = -6*d - 15, d = 4*w - 91. Suppose -16 + 4 = -2*a. Calculate the remainder when w is divided by a.
4
Let t(d) = -d**2 - 7*d - 13. Let g be t(-10). Let m = -38 - g. Suppose -76 = -m*n + 39. What is the remainder when n is divided by 4?
3
Suppose -61 + 13 = -8*r. Let d(y) = y**3 - 7*y**2 + 12*y - 8. Calculate the remainder when d(r) is divided by 10.
8
Let r be ((-49)/(-7) + -6)/(2/24). What is the remainder when 3 + -2 - (r + -145) is divided by 34?
32
Suppose 58*f + 1164 = 62*f. What is the remainder when f is divided by 75?
66
Calculate the remainder when 292/4*-5*(-2)/10 is divided by 38.
35
Let k(t) = t**3 + 15*t**2 + 12*t - 8. Let v be k(-14). Let w = -50 - -54. Suppose 0 = -w*p + v + 20. Calculate the remainder when 28 is divided by p.
8
Suppose -6 = -h - 3. Suppose -h*r + 2*s + 25 = 0, 0*r - 3*s = r - 1. Let x(o) = o**3 + 5*o**2 - o - 9. Calculate the remainder when x(-4) is divided by r.
4
Let z(l) = -l**3 + 3*l + 3. Let a be z(-2). Suppose 0 = a*u - 4*u - 10. Calculate the remainder when 35 is divided by u.
5
Let j(o) = -o**2 + 19*o - 30. Let b be j(16). Suppose 6*v + b = 78. Suppose -4*k - 6*i + 140 = -2*i, k - i = 37. What is the remainder when k is divided by v?
6
Suppose -33 - 15 = -16*f. Calculate the remainder when 9 is divided by f.
0
Suppose 21 = -5*t + 131. Let i(s) = s**2 + 6. Let x = -3 + -3. Calculate the remainder when i(x) is divided by t.
20
Suppose 5*i - q + 92 = 12, 3*q + 100 = -5*i. Let o = -20 - i. Calculate the remainder when 38 is divided by (-26)/o*(-36)/(-24).
12
Let c(y) = 16*y - 8. Suppose 3*a = 5*a - 8. Let v be (-3 - 0)/((-2)/a). What is the remainder when c(v) is divided by 30?
28
Let q(f) = -f**3 + 3*f**2 - 1. Let h be q(3). Let r = h - -3. Suppose -r*x + 20 = 2*x. Calculate the remainder when 7 is divided by x.
2
Let v = -3 - -5. Suppose 3*l + v*o + 200 = 0, -5*o = -l - 3*l - 282. Let t = l - -98. Calculate the remainder when t is divided by 11.
8
Let u = -18 + 11. Let z(g) = -g**2 - 9*g - 4. Let v be z(u). Calculate the remainder when 36 is divided by v*2/(-2)*-1.
6
Suppose -p + 5 = -0. What is the remainder when (100/(-30) + -2)*-3 is divided by p?
1
Suppose 3*v + 2*v - 15 = 0. Suppose -5*n + 2*w = 5, -v*n = -0*n + 5*w + 3. Calculate the remainder when 29 is divided by (n + 2)/((-2)/(-20)).
9
Let p(n) = -n**3 + 4*n**2 + 20*n - 32. Calculate the remainder when 46 is divided by p(6).
14
Let v(q) = -61*q**3 - 2*q + 2. Let b be v(1). Let t = 81 + b. What is the remainder when 76 is divided by t?
16
Let w = -2952 - -2991. Let b(o) = 15*o. What is the remainder when b(5) is divided by w?
36
Let v(u) = u + 37. Calculate the remainder when 203 is divided by v(27).
11
Suppose -4*w = 3*f - 24, -3*f + 15 = 3. Suppose -24*l = -21*l - 15. What is the remainder when l is divided by w?
2
Let b(x) be the first derivative of 5*x**2 + 3*x + 3. What is the remainder when 82 is divided by b(4)?
39
Let z(q) be the first derivative of q**4/4 + 13*q**3/3 + 4*q**2 + 2*q + 7. What is the remainder when z(-10) is divided by 16?
14
Let n(k) = -k**2 + 8*k - 11. Let u be n(5). Suppose u*l - 88 = 5*v, -2*v - 25 = -3*l + 41. Calculate the remainder when 41 is divided by l.
19
Suppose -5*l + 55 = 260. Let r = -9 - l. Let a(n) = 12*n**3 - n**2 - n + 1. Calculate the remainder when r is divided by a(1).
10
Let r(k) = -k**2 - 4*k + 2. Suppose j - o = -3 - 5, 0 = o - 5. Calculate the remainder when 21 is divided by r(j).
1
Calculate the remainder when 44 is divided by (-9)/2*20/(-45).
0
Let d = -2 - -14. Suppose 7*u - 2*u = 35. What is the remainder when d/(-30) - 92/(-5) is divided by u?
4
Let w(z) = 11*z**2 - 2*z + 1. Let i = 19 - 18. Let a be w(i). Suppose -21 = -a*v + 7*v. Calculate the remainder when 13 is divided by v.
6
Let u(n) = 2*n**2 + 29*n + 77. Calculate the remainder when 1176 is divided by u(-13).
36
Let k(q) = -3*q**2 + 1199*q + 2*q**2 - 1201*q - 2 + 3*q**2. What is the remainder when 7 is divided by k(2)?
1
Let d(w) = 15*w + 68. What is the remainder when d(6) is divided by 20?
18
Let c = 14 - 11. Suppose c*j - q + 2*q = 3, -2*j + 3*q = -2. What is the remainder when -7 + 5 - (j + -39) is divided by 13?
10
Suppose 0 = -20*z + 1263 - 283. Suppose -4*w - 3*p = 114, 4*p = -5*w - 106 - 37. Calculate the remainder when z is divided by -2*(w/6 + -2).
10
Suppose 0 = -2*p + p + 5*b - 1, 4*p - 26 = 5*b. What is the remainder when (-1415)/(-10) - (p/(-6) + 2) is divided by 29?
25
What is the remainder when (-10)/(-4)*(-35328)/(-640) is divided by 9?
3
Let l = -26 - -86. Suppose 4*h + l = 2*m, 3*m - 9 - 101 = h. Suppose 169 = 7*c + 6*c. Calculate the remainder when m is divided by c.
12
Let l = -4 - -7. Suppose 5*a = -2*k + 115, l*a - 277 + 54 = -4*k. Suppose -3*h + 8*h = k. Calculate the remainder when 42 is divided by h.
9
Suppose 0 = -5*c + 2 - 47. Let a(b) = b**2 + 9*b + 6. Calculate the remainder when a(c) is divided by (-6)/(-9) + 21/9.
0
Suppose -75 = -7*z + 51. Suppose 4*x - x - z = 0. Calculate the remainder when 19 is divided by x.
1
Let p(j) = 39*j - 481. Calculate the remainder when 53 is divided by p(13).
1
Let u be (-203)/((1 - 0)/(-3)). Suppose -2*b = -5*h - u, -31 - 84 = h + 3*b. Let o = -59 - h. Calculate the remainder when o is divided by 16.
14
Let i(t) = 3*t - 66. Let b(w) = w + 1. Let k(p) = 4*b(p) + i(p). Calculate the remainder when k(19) is divided by 19.
14
Let s(n) = 3*n - 78. Let f = -7 + 6. Let z(b) = -6*b + 1. What is the remainder when s(37) is divided by z(f)?
5
Suppose 5*y = 3813 - 183. Suppose 0*i - y = -6*i. What is the remainder when i is divided by 31?
28
Suppose -50 - 58 = 4*w. What is the remainder when 91 is divided 